{"id":677,"date":"2024-02-25T16:22:19","date_gmt":"2024-02-25T16:22:19","guid":{"rendered":"https:\/\/oeldenet.de\/?page_id=677"},"modified":"2024-11-24T10:52:04","modified_gmt":"2024-11-24T10:52:04","slug":"kunst-minis","status":"publish","type":"page","link":"https:\/\/oeldenet.de\/?page_id=677","title":{"rendered":"Kunst-Minis \/ Shop"},"content":{"rendered":"\n<h3 class=\"wp-block-heading has-larger-font-size\"><a href=\"https:\/\/www.kunstminis.de\/shop\/Alle-Kunst-Minis-c173469575\/\" target=\"_blank\" rel=\"noreferrer noopener\">Zum Shop&#8230;<\/a><\/h3>\n\n\n\n<div class=\"wp-block-media-text is-stacked-on-mobile is-vertically-aligned-top\"><figure class=\"wp-block-media-text__media\"><img fetchpriority=\"high\" decoding=\"async\" width=\"334\" height=\"639\" src=\"https:\/\/oeldenet.de\/wp-content\/uploads\/2024\/10\/Teaserbild-Kunstminis-fuer-oeldenet.de_.jpg\" alt=\"\" class=\"wp-image-733 size-full\" srcset=\"https:\/\/oeldenet.de\/wp-content\/uploads\/2024\/10\/Teaserbild-Kunstminis-fuer-oeldenet.de_.jpg 334w, https:\/\/oeldenet.de\/wp-content\/uploads\/2024\/10\/Teaserbild-Kunstminis-fuer-oeldenet.de_-157x300.jpg 157w\" sizes=\"(max-width: 334px) 100vw, 334px\" \/><\/figure><div class=\"wp-block-media-text__content\">\n<p><em><strong>Kunst-Minis<\/strong><\/em>&nbsp;sind Miniaturen meiner Zeichnungen, Gem\u00e4lde &nbsp;und digitalen Kunstwerke. Jedes&nbsp;<em><strong>Kunst-Mini<\/strong><\/em>&nbsp;hat die Gr\u00f6\u00dfe einer Postkarte, kann aufgestellt oder an die Wand geh\u00e4ngt werden und wird sorgf\u00e4ltig in Handarbeit angefertigt. Meine <em><strong>Kunst-Minis<\/strong><\/em> k\u00f6nnen in diesem Shop k\u00e4uflich erworben werden. Ein <em><strong>Kunst-Mini<\/strong><\/em> kostet EUR 7,50 zzgl. Versand. Es gibt Sonderposten, Rabatte und Versandkostenfreiheit ab einem Bestellwert von EUR 30,00.<\/p>\n\n\n\n<p><strong>Viel Spa\u00df beim St\u00f6bern im Shop der Kunst-Minis!<\/strong><\/p>\n\n\n\n<p class=\"has-larger-font-size\"><strong><a href=\"https:\/\/www.kunstminis.de\/shop\/Alle-Kunst-Minis-c173469575\/\" target=\"_blank\" rel=\"noreferrer noopener\">Zum Shop&#8230;<\/a><\/strong><\/p>\n<\/div><\/div>\n\n\n\n<p><\/p>\n","protected":false},"excerpt":{"rendered":"<p>Zum Shop&#8230; Kunst-Minis&nbsp;sind Miniaturen meiner Zeichnungen, Gem\u00e4lde &nbsp;und digitalen Kunstwerke. Jedes&nbsp;Kunst-Mini&nbsp;hat die Gr\u00f6\u00dfe einer Postkarte, kann aufgestellt oder an die Wand geh\u00e4ngt werden und wird sorgf\u00e4ltig in Handarbeit&#8230;<\/p>\n","protected":false},"author":1,"featured_media":0,"parent":0,"menu_order":0,"comment_status":"closed","ping_status":"closed","template":"","meta":{"footnotes":""},"class_list":["post-677","page","type-page","status-publish","hentry"],"_links":{"self":[{"href":"https:\/\/oeldenet.de\/index.php?rest_route=\/wp\/v2\/pages\/677","targetHints":{"allow":["GET"]}}],"collection":[{"href":"https:\/\/oeldenet.de\/index.php?rest_route=\/wp\/v2\/pages"}],"about":[{"href":"https:\/\/oeldenet.de\/index.php?rest_route=\/wp\/v2\/types\/page"}],"author":[{"embeddable":true,"href":"https:\/\/oeldenet.de\/index.php?rest_route=\/wp\/v2\/users\/1"}],"replies":[{"embeddable":true,"href":"https:\/\/oeldenet.de\/index.php?rest_route=%2Fwp%2Fv2%2Fcomments&post=677"}],"version-history":[{"count":10,"href":"https:\/\/oeldenet.de\/index.php?rest_route=\/wp\/v2\/pages\/677\/revisions"}],"predecessor-version":[{"id":750,"href":"https:\/\/oeldenet.de\/index.php?rest_route=\/wp\/v2\/pages\/677\/revisions\/750"}],"wp:attachment":[{"href":"https:\/\/oeldenet.de\/index.php?rest_route=%2Fwp%2Fv2%2Fmedia&parent=677"}],"curies":[{"name":"wp","href":"https:\/\/api.w.org\/{rel}","templated":true}]}}